.
6
Let f(o) = -11*o - 14. Let q = -11429 + 11422. Give f(q).
63
Suppose -v - 4*o = -38, -3943*v - 5*o = -3938*v - 40. Let f(d) = -13*d. Let b(s) = -870*s. Let a(c) = -2*b(c) + 135*f(c). What is a(v)?
30
Let d(v) = -v**2 - 8*v + 3. Let q be (3 + 386/(-8))/(3/12). Let r = q + 175. What is d(r)?
15
Let v(m) = 1 - 2 + m**2 + 4 + 5*m - 4. Suppose -4*h = -u - 11, -8 + 45 = 5*u + 3*h. Suppose -c = u*c + 36. Calculate v(c).
5
Let i = -8708 + 8712. Let l(n) = -3*n**2 - 7*n + 3. Determine l(i).
-73
Let n(q) = -q**2 + 4*q + 6. Let h = -3 - -28. Suppose p + 4 = 0, -5*m - p + 2*p - 96 = 0. Let l = m + h. What is n(l)?
1
Let r(k) = -k**2 + 5*k - 1. Let b(u) = 137*u - 676. Let l be b(5). Calculate r(l).
-37
Let d(h) = -h**3 - h**2 - h. Suppose 2*k = 3*k - 6*k. Let u be d(k). Let v(o) = o**2 + o - 14. Calculate v(u).
-14
Let i(d) = -45*d**2 + 2*d - 11. Let w be 20/(-5)*18/(-12). Let j(f) = 39*f**2 - f + 10. Let h(r) = w*i(r) + 7*j(r). Determine h(-2).
6
Let p(q) = -31*q - 57. Let j(h) = -200*h - 356. Let f(m) = -5*j(m) + 32*p(m). What is f(14)?
68
Suppose 10 = -0*q - q. Let n(k) = -13*k**3 - 4*k**2 - 3*k - 44. Let o(s) = 3*s**3 + 2*s**2 + s + 11. Let r(l) = 2*n(l) + 9*o(l). Determine r(q).
-19
Let r(a) = -23 + 4*a + 7 + 6 + 1. Let y be 0 + 10 + 5 + (-15 - -4). What is r(y)?
7
Let h = 554 - 552. Let p(f) = -f + 4*f - 5 - h*f - 8. Calculate p(9).
-4
Suppose 2*o = 9*o - 217. Let n(k) = -27 - 25 - o - 5*k + 74. Let g = -13 - -7. What is n(g)?
21
Let p(a) = a**3 - a**2 - a + 1. Let z be ((-114)/18 + 6)/((-2)/30). Suppose s - 2*s = z*q + 22, -10 = -5*s - q. What is p(s)?
16
Let s = 2036 + 560. Let g(n) = 2599 + 6*n - s - 4*n + 2*n. Give g(-3).
-9
Let l(u) = 13*u - 77. Let v(y) = -7*y + 42. Let j(x) = -4*l(x) - 10*v(x). What is j(6)?
-4
Let s(x) = -8*x - 10. Suppose -4*l + 34 = -5*f, -l + 5*f + 0*f = -16. Let c(o) = o + 1. Let p(b) = l*c(b) + s(b). Determine p(-7).
10
Let b = -63 - -67. Suppose -z + p = -9 + 1, b*z + 3*p = 46. Let h(l) = -1 - 23*l + 11*l + z*l. Give h(-7).
13
Let l(q) = -q**2 + q + 3. Let n(a) = -a**3 + 17*a**2 - 30*a + 3. Let h be 1*(9/(3/(-1)) + 18). Let v be n(h). What is l(v)?
-3
Let f(k) = k**3 + 8*k**2 - 4*k - 17. Let b be (-10)/(-20)*(-3 + -6 + -7). What is f(b)?
15
Let y be (-1)/(-4) - (27/4)/3. Let g = 0 + y. Let t(a) = 7*a**2 + 12*a - 3. Let q(h) = -20*h**2 - 35*h + 8. Let v(x) = -6*q(x) - 17*t(x). Determine v(g).
-5
Let m(p) = p**3 - 11*p**2 - 2*p - 7. Let z be (20/6)/(73/4818). Suppose 82*o = 102*o - z. What is m(o)?
-29
Let t(k) = -2*k**3 - 7*k**2 - 11*k - 4. Suppose 188153*x - 188131*x = -66. What is t(x)?
20
Let b(a) = -31*a + 2. Let l(h) = -h**2 - 108*h - 2879. Let f be l(-60). Calculate b(f).
-29
Let b = 5535 - 5497. Let g(h) = 2*h - 75. What is g(b)?
1
Let w(b) be the first derivative of -b**4/4 + 17*b**3/3 - 15*b**2 + 4*b + 524. What is w(15)?
4
Suppose -5*s = 3*i - 6*s - 11, 5*i - 19 = s. Suppose -i*t = 3*j + 40, 5*t - 10 = -4*j - 62. Let b(x) = 4*x + 11. Calculate b(j).
-21
Let x(y) = y**2 - 12*y + 21. Let j(z) = 80*z + 971. Let k be j(-12). Determine x(k).
10
Let v(y) = 4*y - 6*y**2 + 52 + 56 + 57 - 162. Let n(z) = -7*z**2 + 6*z + 2. Let g(a) = -4*n(a) + 5*v(a). Determine g(-4).
-9
Suppose -36*j + 286 = -14*j. Let k(m) = 4*m**2 - j + 6*m - 3*m**2 + 15*m + 11*m - 41*m. Determine k(11).
9
Suppose 0 = -w + 2*q - 87 - 60, w + 144 = 3*q. Let v = -148 - w. Let x(u) = u**2 - 6*u - 6. Give x(v).
-11
Let q(h) = 21*h - 3. Let l(d) = -90*d + 11. Let s(k) = -4*l(k) - 15*q(k). Calculate s(3).
136
Let u(n) = -2*n. Suppose 200 = v + 208. Let j be -1 + 7 + v + 9. What is u(j)?
-14
Let v(d) = -d**2 - 42*d. Let l(n) = n**2 + 50*n - 1. Let w(b) = -4*l(b) - 5*v(b). Determine w(-7).
-17
Let r be (-2)/(-12 + (-1118)/(-91)). Let l(m) = 0*m**3 - 5 - 4*m**3 + 9 + 3*m**3 - 6*m**2 + 8*m. Calculate l(r).
-3
Let p(r) be the third derivative of r**5/12 - r**4/24 - r**2. Suppose 978*g = 2999*g + 2021. What is p(g)?
6
Let c(j) = -1. Let u(z) = -7*z + 5. Let q(m) = -4*m + 3. Let o(y) = 5*q(y) - 3*u(y). Suppose s - 41*s - 160 = 0. Let p(l) = s*o(l) - 5*c(l). Determine p(6).
-19
Let v be (-11 - -13)/(0 - (-4)/10). Suppose v*x = s + 4*x, 0 = -2*s + x. Let f(d) = s*d + 0*d - 6 - 4*d + 3*d. Calculate f(-7).
1
Let v(q) = 23*q**3 + 9*q**2 - 17*q + 23. Let k(o) = 32*o**3 + 11*o**2 - 25*o + 35. Let g(f) = 5*k(f) - 7*v(f). Give g(-7).
7
Let k(i) = i**3 - 14*i**2 - 15*i - 22. Suppose 0 = -a - 3*g - 61 + 76, -45 = -3*a + 3*g. What is k(a)?
-22
Let z(j) = 3*j**2 - 4*j + 11. Let c(f) = -2*f**2 + f - 4. Let i(n) = -5*c(n) - 3*z(n). Determine i(-9).
5
Let q(u) be the first derivative of u**6/20 + u**4/12 + u**3/3 - 275*u**2/2 - 281. Let b(r) be the second derivative of q(r). Determine b(-2).
-50
Let q(t) = -t**3 + 2*t**2 - 3*t + 4. Let v(o) = 19*o + 60. Suppose -5*r - c = -3*r + 6, c = 0. Let u be v(r). Give q(u).
-14
Let d(c) = -c**3 - 5*c**2 - c - 5. Let u(r) = -r**2 - 5*r + 3. Let p be u(-5). Let o be p*1/3*1. Suppose 61 - o = -12*f. Give d(f).
0
Let r(w) be the third derivative of -w**4/12 - 8*w**3/3 + 58*w**2 - 3*w. Determine r(10).
-36
Let g(m) = -2*m - 15. Let j(l) = l**3 - l**2 - 8*l + 3. Let y be j(-3). Calculate g(y).
3
Let j(z) = 2*z**3 + 19*z**2 - 9*z + 7. Let c be j(-10). Let s(m) = -20*m + 3*m - 17 + m + 8*m. Calculate s(c).
7
Suppose -5*c + 5 = 0, 3*c + 2 - 3 = -x. Let v(a) be the second derivative of a**4/6 + a**3/3 + a**2 - 12*a. Determine v(x).
6
Suppose 0 = -4*a + 50 - 38. Let g = -39 + 41. Let b(q) = 0*q + 4 - 4*q + 0*q + 3*q**g. Give b(a).
19
Let n(s) = -51*s**2 + 4*s - 13. Let c(o) = -127*o**2 + 10*o - 26. Let m(a) = 2*c(a) - 5*n(a). Calculate m(0).
13
Suppose -3*n = -9, -n + 0 = 3*k - 12. Let d(w) = w**3 + 13 + 7*w**3 - 8*w**3 - 3*w - w**k + 6*w**2. Calculate d(6).
-5
Suppose -5*j = -x + 65 - 20, -2*j = 2*x + 18. Let b(s) = -9 + 2*s - 2 - 9*s + 6*s. What is b(j)?
-2
Let p(a) = -a**3 + 9*a**2 + 11*a - 11. Let q be 17/(-102) - 183/(-18). Calculate p(q).
-1
Let o(r) = -3 - 11 + 2 + r. Suppose 2590 - 11806 = -1152*w. What is o(w)?
-4
Let l(v) be the second derivative of -2/3*v**3 - 2*v**2 + 85*v + 0. What is l(2)?
-12
Suppose 3*f = d + 35, -2*f - 4*d + 14 = -0*f. Let m(c) be the first derivative of c**3/3 - 11*c**2/2 + 8*c - 304. What is m(f)?
8
Let q(v) = -v**2 + v + 3. Suppose -5*a - 4*i - 12 = 0, -3*a - 2*a = 5*i + 15. Let o be (-36)/(-8)*8/36. Suppose l - 22 = -a*l - 5*r, r = -2*l - o. What is q(l)?
-9
Let p(c) = c - 7. Let j(q) = q - 26 - 5*q + 4*q + 0*q + 3*q. Let g(m) = -j(m) + 4*p(m). Determine g(-4).
-6
Let z = -6205 + 6215. Let v(l) = 4*l - 24. Give v(z).
16
Let f(b) = -b - 4. Let d be f(38). Let i be 4/34 - (d/119)/(-3). Let t(a) = a**2 - a + 7. Give t(i).
7
Let f(q) = 6 + q + 0*q - 2. Let d(y) = y**3 + 7*y**2 + 9*y + 10. Let n be d(-5). Suppose n = 3*g - 6*g. What is f(g)?
-1
Suppose f = -6*f + 56. Let a(p) be the first derivative of f*p - 11*p**2 - 3 + 19*p**2 - 7*p**2. Determine a(-8).
-8
Let d(s) = 11*s - 111. Let v(f) = 3*f - 29. Let h(k) = 5*d(k) - 18*v(k). What is h(18)?
-15
Let f(b) = -2 + 2 - 3 - 3*b. Let c(z) = -z**3 - 38*z**2 - 36*z + 40. Let u be c(-37). Suppose 5 = u*t + s, 4*s = -7*t + 2*t - 1. Give f(t).
-12
Let q(r) be the second derivative of 1/12*r**4 + 5*r**2 - 5/6*r**3 + 29*r + 3. Calculate q(4).
6
Let f(m) = -55*m - 50. Let d(q) = -9*q - 8. Let r(c) = -25*d(c) + 4*f(c). Suppose -7*x + 9 = -4*x. Suppose 0 = 3*y + x*b + 2 - 11, 5*y - 9 = -2*b. Give r(y).
5
Suppose 2*v + d = 54, 2*v - 7*d - 54 = -4*d. Let f(g) = -v + 104 - 28 - g - 24 - 29. Determine f(-7).
3
Let i(t) = -7*t**3 - 29*t**2 + 41*t + 47. Let k(f) = 3*f**3 + 14*f**2 - 19*f - 23. Let y(j) = -4*i(j) - 9*k(j). Calculate y(9).
1
Let n(k) = 463*k - 4 + 374*k - 839*k. Determine n(-4).
4
Let r(d) be the first derivative of 2/3*d**3 - 3/2*d**2 + 48 - d. Give r(3).
8
Let z(o) = 240 - 6*o + 6*o - 241 + 7*o. Calculate z(6).
41
Let y(b) = 21*b**2 - 2. Let w(p) = -11*p**2 + 1. Let c(k) = -5*w(k) - 3*y(k). Let s be (-35784)/200 + 4/(-50). Let u = 180 + s. What is c(u)?
-7
Suppose 0 = -94*v + 95*v - 24. Let f(k) = -26*k - v*k + 52*k. Give f(-2).
-4
Suppose -6*l + l - 2*s + 8 = 0, -5*l + s = 4. Let j(c) = 6 + 4*c**2 + 2*c**2 + 0*c + l*c. Let o(v) = -5*v**2 - 5. Let r(i) = 4*j(i) + 5*o(i). What is r(-2)?
-5
Let l(i) = -5*i - 4. Let o(u) = 5*u + 6. Let j be o(-1). Let h(d) = -d 